e ((-21)/m - -1)*-10. Suppose 0 = -3*j - 0*j + z + 21, -z + 35 = i*j. Calculate the greatest common divisor of j and 88.
8
Let y = 463 + -455. Calculate the greatest common factor of y and 1944.
8
Let q(o) = -o**2 + 5*o - 1. Let r be q(2). Suppose 4*m - 2*x = 294, 0 = r*m - x + 6*x - 345. Calculate the greatest common factor of m and 9.
9
Let v be 42/((-12)/4)*-19 - 5. What is the highest common factor of 18 and v?
9
Suppose 0 = 5*u + 39*j - 43*j - 184, 34 = u + 2*j. What is the greatest common divisor of 210 and u?
6
Suppose -t + 4*o = 3*t - 28, 0 = -4*t - 3*o + 63. Suppose -5*q - 4 = -24. What is the highest common factor of q and t?
4
Let k = -158 - -214. What is the highest common factor of k and 88?
8
Let v = 139 + -46. Calculate the greatest common divisor of v and 248.
31
Suppose 4*l = -66 - 10. Let q = l - -49. Calculate the greatest common factor of q and 20.
10
Suppose 4*k - 2*k = -9604. Let s be k/(-18) - 2/(-9). Let w = s + -159. What is the highest common factor of 12 and w?
12
Suppose 0 = 5*g + s + 9 + 34, 5*s - 46 = 4*g. Let b = 5 + g. Let p be 4*(30/b)/(-1). What is the highest common factor of 330 and p?
30
Suppose 14 - 4 = 5*b. Suppose 0 = z + 2, -a + 5*z + b + 20 = 0. Suppose 16*q - 180 = a*q. Calculate the highest common divisor of q and 30.
15
Suppose -3*x - 5*k = -53, 3*x - 4*x + 2*k = -25. Let y be x/1 + -24 + 27. Calculate the highest common factor of 216 and y.
24
Suppose 3*f - 138 + 12 = 0. Let r = 37 + -23. Let t = f - r. Calculate the highest common divisor of t and 14.
14
Suppose -74*k = -5*k - 1311. Suppose b - 142 + 47 = 0. What is the highest common factor of k and b?
19
Suppose k - 3*q - 2 = 17, -3*k + 24 = 2*q. Let z be 3/((-30)/(-16))*k. Calculate the greatest common factor of z and 8.
8
Suppose -5*u - 133 = -12*u. Calculate the highest common factor of u and 1.
1
Let s(v) = 3*v**2 + 11*v. Let o be s(7). Suppose 5*z - 12*z + o = 0. What is the highest common divisor of 80 and z?
16
Suppose 9*o + 148 - 1174 = 0. What is the greatest common divisor of 399 and o?
57
Suppose 11 = -4*t + 3*t. Let l = t + 15. Suppose -5*z + l*w + 672 = 0, 4*w = -3*z - w + 418. Calculate the highest common divisor of 17 and z.
17
Suppose -5*n + 5*q + 1720 = 0, -4*n + q - 121 + 1509 = 0. What is the greatest common divisor of n and 12?
12
Let p(y) = -3*y - 32. Let a be p(-11). Let f = 1 - -2. Suppose f*d - 3*h = 2*d + 10, -4*h = -3*d + 15. Calculate the greatest common divisor of d and a.
1
Let m be (-14)/8 + 1/(-4). Let a(h) = -3*h - 3. Let p be a(m). Suppose -p*d - 44 = -5*d. What is the highest common factor of d and 2?
2
Let i = -304 - -385. Calculate the highest common factor of i and 135.
27
Suppose 5*g = 2*p - 6 - 49, -p = g - 45. Let k be (-5)/((-3)/(-2) + -2). What is the highest common divisor of k and p?
10
Let n(q) = q - 16. Let x be n(23). Calculate the highest common factor of 56 and x.
7
Let q be -4 + 0 + 2 - -7. Let n = 99 - 94. Calculate the highest common factor of q and n.
5
Suppose 0 = -5*z + 39 - 14. Suppose -3*i + 24 = -z*j, -3*i - 2*j = -0*j - 3. Suppose -i*l = -17 - 121. What is the highest common divisor of l and 115?
23
Suppose -4*c = 4*h + 8, 0*c + 20 = 2*h - 4*c. Suppose -m = h*m + 69. Let o = m + 65. What is the greatest common divisor of 6 and o?
6
Suppose 4 = -3*h + 7. Let p be (h + -2)*-2 + 8. Let o = p - 2. What is the highest common factor of o and 56?
8
Let b(r) = -7*r - 1. Let p be b(-7). Let c be (-1)/((6/82)/(-3)). Let q = 73 - c. Calculate the greatest common factor of p and q.
16
Let z be -2*105/(-10) + -4*1. Suppose -3*m = -2*m - 2*v - 3, 3*m - 2*v - z = 0. What is the greatest common factor of m and 7?
7
Let r(b) = b**2 + 4*b - 1. Let d be r(-5). Suppose -d*t - 64 = -8*t. What is the highest common divisor of t and 8?
8
Let d = 740 - 692. What is the highest common divisor of d and 384?
48
Let b = 462 - 448. Calculate the greatest common divisor of b and 133.
7
Suppose 2*x + 2*g - 119 - 29 = 0, 4*g = 5*x - 352. Let l be (100/30)/(2/x). What is the greatest common divisor of l and 48?
24
Let o(a) = -a**3 + a**2 + a + 2. Let k be o(0). Suppose 3*s - q - 5 = 8, 0 = s + k*q + 5. What is the highest common divisor of s and 2?
1
Let i = 74 - 82. Let m(h) = h**2 + 6*h + 2. Let q be m(i). Calculate the highest common divisor of q and 234.
18
Suppose 5*i - 1643 = 1917. What is the greatest common factor of i and 89?
89
Let h = -173 + 251. What is the greatest common divisor of 39 and h?
39
Let n = 3 - 1. Suppose 2*i = -2*j - n, 4*i + 3 + 0 = -5*j. Calculate the highest common factor of 1 and j.
1
Let l = 14 - 7. Let n = 13 - l. Suppose f - 4*b = -4, -5*b - 21 = -5*f + 19. What is the highest common factor of f and n?
6
Let z(l) = l - 5. Let k(n) = -n + 4. Let v(j) = 4*k(j) + 3*z(j). Let r be v(-4). Suppose 3*u + r = 8. What is the highest common divisor of 5 and u?
1
Let y be (12/15)/(2/30). Let n(r) = -r - 7. Let p be n(-6). Let q be -3 + 35 + p + -1. Calculate the highest common factor of q and y.
6
Let b(j) = 2*j**2 + 11*j - 31. Let l be b(3). What is the highest common factor of l and 340?
20
Suppose 9*m - 1189 = -20*m. Calculate the highest common divisor of 656 and m.
41
Let u(q) be the first derivative of q**4/4 + 2*q**3 + 5*q**2/2 + 6*q - 5. Let c be u(-4). Let m = 20 - c. What is the highest common divisor of m and 6?
2
Let n(a) be the first derivative of -13*a**2/2 + 11*a + 4. Let v be n(9). Let y = -56 - v. Calculate the greatest common divisor of 125 and y.
25
Suppose x = 5*t + 2*x - 20, 0 = -4*t - 4*x. Suppose -4*r = -t*u + r + 35, -5 = -5*u - r. Let z = -5 + 6. Calculate the greatest common factor of u and z.
1
Let h(p) = -132*p + 559. Let x be h(4). Calculate the highest common factor of 589 and x.
31
Suppose -5*k = -4*k - 2. Let y = 77 + -67. What is the greatest common factor of k and y?
2
Let l(m) = -4*m - 60. Let t be l(-20). What is the greatest common factor of 170 and t?
10
Suppose -x + 335 = 5*z, 23*x - 28*x - 41 = -z. What is the highest common factor of z and 825?
33
Let j be 4/3*(-1 + 4). Suppose -k + 4*k = -4*p + 83, -5*k = j*p - 125. What is the greatest common factor of 168 and k?
21
Let f = -1332 + 1409. Calculate the greatest common factor of 35 and f.
7
Let l(f) = -5*f + 63. Let z be l(12). Let w(u) = -u + 5. Let a be w(3). Calculate the highest common factor of z and a.
1
Let x = -227 - -248. Suppose 504 = 6*h - 3*h. Calculate the greatest common factor of x and h.
21
Let m = 84 + 32. Let w be -1 + 2 - 21*(-24)/18. Calculate the highest common factor of m and w.
29
Suppose -5*o = 3*f - 293, 4*f + 4*o + 96 = 484. Let c be (21/(-4))/((-3)/f). Suppose -3*w = -w - c. Calculate the highest common factor of 12 and w.
12
Let q = -9 + 1. Suppose 3*g + 4*l - 5 = -0*g, -3 = -3*g - 3*l. Let x be (-7)/(-7) - (q - g). What is the greatest common divisor of 32 and x?
8
Let h = -37 + 49. Let k be h/6*(1 + 9). Calculate the greatest common factor of k and 30.
10
Suppose 3*s + u - 6*u = -70, 0 = -2*s - 3*u - 53. Let g = 35 + s. What is the greatest common factor of g and 5?
5
Let y(d) be the second derivative of d**4/3 - 2*d**3/3 + 3*d**2 - 14*d. Let t be 17/3 + 1/3. Let s be y(t). What is the greatest common divisor of s and 18?
18
Suppose 1327 = -19*o + 26654. What is the highest common factor of o and 86?
43
Suppose -6*i = -i - 220. Let l = 56 + -32. Let n = -13 + l. What is the greatest common factor of n and i?
11
Let t = -432 + 640. What is the greatest common factor of t and 26?
26
Suppose -o + 5*f + 22 = 3*o, -2*f = 3*o - 5. Suppose -20 = -l + 5*a, o*l + l + 5*a - 80 = 0. What is the greatest common factor of 10 and l?
10
Let c be (-8)/36 + 1140/27. Calculate the greatest common factor of c and 21.
21
Let j be (-1)/((-14)/22) - (-87)/203. Suppose -281 = -2*i + y, j*i - 424 = -i + y. What is the highest common factor of 11 and i?
11
Let w be -63*(3 - (12 - 5)). Calculate the highest common factor of 108 and w.
36
Let d(b) = 2*b**3 - 36*b**2 + 23*b - 22. Let w be d(18). Calculate the highest common factor of 56 and w.
56
Let w = -1585 + 2391. What is the greatest common factor of 26 and w?
26
Let m be (-3)/1*(-76)/6. Let t(g) = 40*g**2 + 7*g - 1. Let z be t(3). Suppose 0 = 8*r - 12*r + z. What is the highest common factor of r and m?
19
Let z be (-6)/(-10) + 2164/10. Let a =